t m(n) be the third derivative of -n**5/30 - n**4/12 - n**3 - 3*n**2. Let y(o) be the first derivative of m(o). Give y(s).
6
Let z(u) = 910*u - 15*u**2 - 1825*u + 918*u + 3. Calculate z(-2).
-63
Suppose 3*t - 62 = -59. Let c(k) = -15*k**2 + k - 1. Calculate c(t).
-15
Suppose 0 = l - 5*l + 40. Let u(f) = 9 + l*f - 22*f + 14*f. Determine u(-7).
-5
Suppose -2*l - 3*l - 97 = -3*k, 2*l = 4*k - 36. Let n = -15 - l. Let a(g) = -3*g + 5. Determine a(n).
-10
Suppose 0 = -4*a + a + 18. Let c(k) = 3*k**2 + 15*k + 8. Let x(s) = 2 - 7*s - 2 - 4 - s**2. Let w(t) = 2*c(t) + 5*x(t). Determine w(a).
2
Let v(d) = -d**3 - 4*d**2 + 7*d + 8. Let j be -5 - (0/(-2))/6. Give v(j).
-2
Let h be (-227)/(-6) - (-30)/180. Let b = h - 43. Let q(m) = -m**2 - 6*m + 4. What is q(b)?
9
Let a(f) = 5*f - 12. Let z be a(5). Let l(p) = p**3 - 12*p**2 - 14*p + 17. Let u be l(z). Let s(c) = -c - 1. Calculate s(u).
-5
Let h(b) = b**3 + b**2. Let d(q) = 5*q**3 + 2*q**2 - 1. Suppose -2 + 6 = 2*l, o = 3*l - 4. Let g = 25 - 26. Let n(p) = g*d(p) + o*h(p). Calculate n(-1).
4
Let u = -1019 - -1016. Let w(m) = 2*m**2 - 7*m + 1. Let i(f) = -3*f**2 + 13*f - 2. Let s(v) = 3*i(v) + 5*w(v). Give s(u).
-4
Let a(l) be the second derivative of -7*l - 11/2*l**2 + 1/6*l**3 + 0. Let u be -3 + (2 - -2) + 5. Calculate a(u).
-5
Let u(z) = -8*z**3 + 21*z**2 - 5*z + 30. Let c(l) = 13*l**3 - 41*l**2 + 8*l - 60. Let n(b) = 3*c(b) + 5*u(b). What is n(-18)?
-12
Let b(f) = f**3 - f**2 + f + 1. Let t = 560 - 561. Give b(t).
-2
Let z be 3/3 + (-10)/(-2). Suppose 3*o - 5*n - 33 = 0, 5*o + n - 5*n - 68 = 0. Let w(m) = -2 - 15*m + o*m - 1. Determine w(z).
3
Let v(d) be the first derivative of 3*d**2 + 78*d + 367. Determine v(-12).
6
Suppose 5*n = n - 16. Suppose -15 = -4*g - g. Let s(r) = -r**3 - 8*r**2 - 8*r - 6. Let i(w) = -w**2 - w - 1. Let b(q) = g*i(q) - s(q). Give b(n).
-1
Let s(v) = -v. Suppose -3*f - 25 - 38 = 0. Suppose -48 = -j - 57. Let n be j/(-2 - f/6). What is s(n)?
6
Suppose h = -4*o, 2*h + 3*o + 5 = -0. Let n(m) = m**3 + 4*m**2 - 2. Calculate n(h).
-2
Let s(w) = 2*w**2 + 3*w - 4. Let q be s(-3). Let i(l) = -5*l + 4. Let o(m) = -2*m + 6*m - 7*m - 3*m + 4. Let h(z) = q*i(z) - 4*o(z). Determine h(5).
-1
Let w(r) = -r**2 + 9*r - 3. Let m(f) = f**3 - 11*f**2 + 6. Let c be m(11). Calculate w(c).
15
Let v(t) = -1 - 4 + 4 - 8 - 2*t. Let f = 113 - 68. Suppose -5*g - f = 5*w, 5*w = g - 26 - 1. Calculate v(w).
3
Let b(w) = 32 + 44*w**2 - 2*w - 17*w**2 - 39 - 22*w**2. Calculate b(4).
65
Let j(m) = m**2 - 6*m - 1. Suppose 0 = -8*x - 36 - 4. Let u be -4 - (x + 4) - -6. Determine j(u).
-10
Suppose 23*r = -4*y + 21*r, -28 = 4*y - 5*r. Let g(l) = 3*l - 5. Determine g(y).
-11
Let p(q) = -q**3 - 6*q**2 + 5*q - 10. Let s be p(-7). Let w(m) = 5*m**2 - 4*m + 11. Let x(t) = 0*t - 2 + 0 - t**2 + t + 1. Let g(v) = w(v) + 6*x(v). Give g(s).
-3
Suppose 4*k = -3*l - 0*l - 10, -4 = k. Let t(f) = -6 - 8 + l + 6 + f. Determine t(9).
3
Let m(d) = 2*d + 0 + 11 - 6*d + 3*d. What is m(6)?
5
Let u(i) be the second derivative of -i**4/12 - 5*i**3/6 - 2*i. Let w(b) = b**3 - b**2 - 4*b - 1. Let o be w(3). Suppose 29 - 9 = -o*c. Determine u(c).
4
Let s(l) = 2*l**2 + l + 3. Let a be s(-3). Suppose 7 = -p - a. Let t be (-2)/9 + p/9. Let i(v) = v**3 + 3*v**2 - v - 3. Determine i(t).
0
Let q(z) = z**3 - z**2 - z + 10. Let s be -1*(-2 + 4/4). Let p = 4 + s. Suppose p*b - b = 0. Give q(b).
10
Suppose -7*i - 18 = -4*i. Let l be i/(-15) - 12/(-20). Let o(r) = 14*r**3 + r**2 - 2*r + 1. Give o(l).
14
Let q(a) = -a + 6. Let c = 6 + -4. Let g(j) = j - 5. Let b(d) = c*q(d) + 3*g(d). Let m = 13 - 17. What is b(m)?
-7
Let y(n) = 4*n + 6. Suppose -5*u = -2*b, 2*b - 7*u + 20 = -12*u. Determine y(b).
-14
Let c(u) = u**2 + 6*u + 2. Let i be c(-2). Let n be (-4 - i - 8)*-1. Let s(h) = -h**2 + 6*h + 3. Give s(n).
3
Suppose -k = c + 1, 5*c + k = -4 + 7. Suppose 5*h - 6 = -t + 2*h, -4 = -4*h. Let y(b) = 4*b**t + 2 - 1 + 0. Determine y(c).
5
Let f = 58 + -53. Suppose -17 = -3*y + k - 6, -2*y + 30 = f*k. Let h(x) = -x**3 + 4*x**2 + 6*x - 4. Calculate h(y).
1
Suppose -78*p + 82*p - 8 = 0. Let o(l) = l**2 - 3*l**p - 5*l**2 - 6*l**2. Let z be (-1)/2*(-3 - -1). What is o(z)?
-13
Let p(h) be the first derivative of -17 - 1/2*h**2 + 9*h. Give p(6).
3
Let i(k) = k - 3*k - 3 - 2*k - 5*k + 10*k. Calculate i(-2).
-5
Let z(h) = -132*h - 389. Let t be z(-3). Let p(c) = 5*c - 16. Determine p(t).
19
Let c(q) = 3*q**2 - q. Let y(f) = -6*f**2 + 2*f. Let p(z) = -7*c(z) - 3*y(z). Suppose -2 + 7 = 5*n. What is p(n)?
-2
Let q(y) be the second derivative of 2*y**4/3 - 2*y**3/3 - 5*y**2/2 - 6*y - 1. Calculate q(-2).
35
Let c(t) = -t**3 - 3*t**2 - 12. Let h(s) = s**2 + s + 2. Let n(i) = -c(i) - 5*h(i). Let x(p) = -2*p - 3. Let y be x(-3). Determine n(y).
-4
Let w(x) be the third derivative of x**4/12 + x**3/3 - 2*x**2. Let p(b) = 2*b**2 - 26*b + 20. Let n be p(12). Determine w(n).
-6
Let j(b) = 8*b + 25. Let p(z) = -5*z - 14. Let w(c) = -4*j(c) - 7*p(c). Calculate w(5).
13
Let p(c) be the third derivative of c**6/120 + c**5/10 - c**4/24 - c**3/6 - 3*c**2 - 56*c. What is p(-5)?
29
Let s(b) = -5*b**2 + 4*b + 8. Let a(u) = -7*u**2 + 5*u + 9. Let d(x) = -2*a(x) + 3*s(x). Determine d(3).
3
Let a(r) = -929*r - 1 + 931*r + 8. Give a(-3).
1
Let o(g) = 2*g**2 - 6*g - 5. Let z(w) = w**3 - 2*w**2 + 2*w - 21. Let q be z(0). Let v be 4/16 - q/12 - -3. Calculate o(v).
15
Let d(a) = -4*a + 2. Let x(c) = 6*c - 27. Let m(i) = 3*i + 53. Let k be m(-16). Let b be x(k). What is d(b)?
-10
Let q(p) be the second derivative of -p**3/6 - p**2/2 - p. Let t = -1421 - -1421. What is q(t)?
-1
Let d = -12 + 11. Let b(o) = 14*o**2 + 2*o - 5. Let f(z) = -7*z**2 - z + 3. Let j(k) = -4*b(k) - 7*f(k). Give j(d).
-7
Let u(j) = j + 30. Suppose -47*h = 1060 - 261. Give u(h).
13
Let b(f) = -5*f**3 + 0*f**2 + 2*f**3 + 7 + 5*f**2 + 4*f**3. Suppose 33 + 27 = 2*s. Let z be 2/(-5) - 138/s. Give b(z).
7
Let u be 42/(-49) - 2/14. Let w(z) = -23*z**3 + z**2 - 1. What is w(u)?
23
Let v(b) = -3*b - 10. Let g(a) = a. Let u(z) = 4*g(z) + v(z). What is u(6)?
-4
Let l(x) = 5*x**3 - 11*x**2 + 5*x - 6. Let z(n) = 6*n**3 - 12*n**2 + 6*n - 5. Let f(y) = 5*l(y) - 4*z(y). Suppose 110*c - 7 = 109*c. Determine f(c).
-3
Let y(i) = -5*i. Let z(u) = -u**2 + 7*u - 9. Let b be z(3). Suppose -o = 2*o - b. Determine y(o).
-5
Let t(k) = -k**2 - 6*k - 2. Let b be 1/(4*3/204). Let u(d) = -b + 0*d**2 + 11 + d**2. Let r be u(0). What is t(r)?
-2
Let f be (-324)/(-81)*(-1)/((-2)/(-3)). Let n(z) = z**3 + 7*z**2 + 2*z + 4. What is n(f)?
28
Suppose 2*b = 4*n + 12, 8*n = 2*b + 12*n + 12. Let z(x) = -x**3 + x**2 + 3*x + 6. Calculate z(b).
6
Let u(k) = -k**3 + 15*k**2 + k - 7. Let f(i) = 4*i + 35. Let h be f(-5). Determine u(h).
8
Let r(m) = -m**3 - 2*m**2 + 4*m + 4. Suppose -2*k - 4*y - 12 = -0*k, -3*y - 6 = 0. What is r(k)?
-4
Let w = 17 - 10. Let f = w + -10. Let s(q) = q**2 + 7*q - 6. Let c(i) = -i + 1. Let g(r) = 2*c(r) + s(r). What is g(f)?
-10
Let z(s) = -s**2 + 3*s - 3. Let r(a) = a**2 - 42*a + 156. Let y be r(38). Give z(y).
-7
Let u be 0 - ((-2)/(4 - 3) - 2). Let y(j) = -4*j**2 + 5*j**2 + 2 - 3*j + j. Calculate y(u).
10
Let a(n) be the third derivative of -n**5/60 - n**4/6 - 2*n**3/3 + 2*n**2. Let q be 1/10 - (-102)/(-20). What is a(q)?
-9
Let y(p) = -p**3 - p**2 - p. Let l(t) = -9*t**3 - 3*t**2 - 5*t - 2. Let b(h) = -l(h) + 6*y(h). Let v = -2808 + 2810. What is b(v)?
12
Suppose 3 = t - 2*t. Let f = t + 21. Suppose -q + 6*q = -o - 45, -2*q - f = 4*o. Let z(m) = m + 4. Calculate z(q).
-5
Let b(v) = -6*v + 6. Let o be b(2). Let q(n) = 8 - 4*n - 3*n**2 + 2*n**2 + 0*n. Determine q(o).
-4
Let r be (-4)/(-6) - (-7)/3. Let d(l) = 1. Let n(a) = a + 3. Let u be n(-2). Let v(k) = -k**2 + 6*k - 2. Let j(b) = u*d(b) + v(b). What is j(r)?
8
Let z(j) = 2*j + 29. Let v be z(-6). Let c(u) = -14*u**3 + 15*u**2 - 7*u + 11. Let b(d) = -5*d**3 + 5*d**2 - 2*d + 4. Let y(i) = v*b(i) - 6*c(i). What is y(-6)?
-10
Let u(b) be the first derivative of -b**4/4 - 2*b**3 - 2*b - 5. Give u(-6).
-2
Let g(a) = -2*a**3 - a**2 + a + 1. Let v(x) = -5*x**3 - 9*x**2 - 2*x - 9. Let q(o) = -3*g(o) + v(o). What is q(7)?
2
Let k = -218 - -217. Let h(f) = 11*f**3 - f - 1. Give h(k).
-11
Let o = 222 + -159. Let g be (-6)/((-140)/o + (-2)/(-9)). Let l(f) = f**3 - 4*f**2 + 5*f - 4. Give l(g).
2